98 = -15*q. Calculate the highest common factor of q and 31.
31
Let m = 30714 + -30629. Calculate the highest common divisor of 833 and m.
17
Let v(w) = 2*w**2 + 387*w + 4362. Let i be v(-12). Let k be 2*(-1 + -11)*-4. What is the greatest common factor of i and k?
6
Let i = -154 + 162. Let z be 55 + (i/18)/(18/81). What is the highest common factor of 76 and z?
19
Let t be (-2780)/(-14) + -1 + (-9)/(-21). Let f(c) = c**3 - 2*c**2 + 12. Let b be f(4). Calculate the greatest common divisor of t and b.
22
Suppose -26208 = 37*j - 61*j - 15*j. What is the greatest common divisor of j and 189?
21
Suppose 0 = -4*p - 5*p. Let i(r) = -r**2 + 4*r + 31. Let m be i(p). Let u = m - 7. What is the highest common factor of 48 and u?
24
Let t be 35/(-4)*(-44)/11. What is the highest common divisor of 8085 and t?
35
Let l be 94/30 - ((-282)/(-90) + -3). Let x be ((-693)/22 - 6)/(l/(-4)). What is the greatest common factor of 10 and x?
10
Suppose -374*f + 2130 = -372*f. What is the highest common divisor of 30 and f?
15
Let w = -64 - -67. Suppose 6*v = 4*k + 3*v - 31, -w*k + v + 27 = 0. Calculate the greatest common divisor of k and 155.
5
Let z(h) = h**2 + 2*h - 6. Let u be z(4). Suppose 2*t - 6*k = -11*k + 28, -4*k - 16 = 0. What is the highest common divisor of u and t?
6
Let g(c) = -4*c**2 - 31*c + 82. Let u be g(-7). What is the highest common factor of 3193 and u?
103
Let m(a) = -10554*a**3 - a**2 - 19*a - 19. Let l be m(-1). Calculate the highest common divisor of 61 and l.
61
Let c be -6 - 910/15*3. Let t = c + 194. Calculate the greatest common factor of t and 21.
3
Suppose 0 = 4*n + 24, 3*u - n = 3234 + 2418. What is the highest common factor of 2 and u?
2
Let p = 295 + -229. Suppose -12*d = -3 - 33. What is the highest common factor of d and p?
3
Let d(y) = 2*y. Let w be d(3). Suppose 3389 - 3149 = -234*g + 11472. What is the greatest common divisor of g and w?
6
Suppose 0 = -2*s + 180 - 26. Suppose 15*l + 17 = s. Let u be 4/(-10) + 714/35. What is the greatest common divisor of l and u?
4
Let h = 144 + -69. Let q be 290/(-87)*48/10. Let j be (q - (0 + -1))/(29/(-58)). Calculate the highest common factor of h and j.
15
Let m(c) = 6*c**3 - 7*c**2 + 32*c. Let g be m(9). Suppose -253*y + 258*y - g = 0. Calculate the greatest common factor of y and 91.
91
Let d be (-91 - -88)*(-3 + -2 + -5354). What is the highest common divisor of d and 69?
69
Suppose 0 = 2*t - 135 + 175. Let g = t + 34. Let c = g - -20. Calculate the highest common factor of c and 34.
34
Let g(w) = w**2 + 2*w + 10. Let m be g(0). Let i(o) = 10*o - 56. Let b be i(m). Calculate the highest common factor of b and 110.
22
Suppose -3*r + 10*r = -161. Let f(g) = -2*g**3 - 47*g**2 - 23*g + 35. Let c be f(r). What is the greatest common factor of c and 25?
5
Let y(s) = 2*s**2 + 50*s + 17. Suppose 5 = q - 3. Suppose 75 = q*o - 11*o. Let f be y(o). What is the greatest common divisor of 34 and f?
17
Let b be 3/10 - (-221238)/340. Calculate the greatest common divisor of 14 and b.
7
Suppose -4*z + 421 = 81. Let v be (-352)/96 - 328/(-6). What is the highest common factor of z and v?
17
Suppose -4 - 11 = -3*j. Suppose 4*h + 202 = j*u, 5*u + 55 = -h + 4*u. Let s = 81 + h. What is the highest common divisor of 224 and s?
28
Let r(m) = -41*m**2 - 14*m - 6. Let g(o) = 40*o**2 + 13*o + 6. Let q(c) = 6*g(c) + 5*r(c). Let k be q(-1). Calculate the highest common factor of 3 and k.
3
Let g be 3*(8 - (-100)/(-15)). Suppose g*h + w - 33 = 2, -5*h + 3*w = -31. Let s be (5 + 1)*168/18. Calculate the highest common divisor of h and s.
8
Let h(x) = x**3 + 12*x**2 - x + 30. Let o be h(-13). Let n = 223 + o. Suppose 7*v - 197 - n = 0. Calculate the highest common divisor of 6 and v.
6
Let s be 39/(-15) - ((-6)/(-15))/1. Let l be s + 3 - 4 - -6. Suppose 5*j - l - 253 = 0. What is the highest common divisor of j and 17?
17
Suppose 39 = 6*m + 171. Let b be 2/(-11) - (2 + 246/m). Suppose 148 - 40 = 4*i. Calculate the highest common divisor of i and b.
9
Let x be 3 + 16/(-12)*-3. Let g = 50 + -55. Let q = x - g. What is the highest common factor of q and 108?
12
Let u be 15 + (-1 - (-7 - (3 + -6))). What is the highest common divisor of u and 9162?
18
Suppose 6*n = -3*n + 45. Suppose h = n*b + 3*h + 6, 3*b + 8 = h. Let d be (1404/(-126))/(b/14). Calculate the greatest common factor of d and 195.
39
Suppose 0 = -5*b + 207 + 103. Suppose -9 = 2*m - 19. Suppose -b + m = -d. Calculate the highest common factor of d and 38.
19
Suppose -n - 2366 + 515 = -3*b, -b = -5*n - 589. What is the greatest common divisor of 1 and b?
1
Let j be (-3 + -55 + 3)*(-27 + 26). Calculate the highest common factor of j and 5335.
55
Suppose 0 = -15*n - 64 - 26. Let y be (-3)/((-54)/687) - (-1)/n. Calculate the highest common divisor of 152 and y.
38
Let x = 932 + -58. Calculate the greatest common divisor of 114 and x.
38
Let v(a) = -a**3 - 15*a**2 + 10*a - 26. Let o be v(-16). Let m = -52 + o. Suppose m*z = 195 + 525. Calculate the greatest common factor of z and 120.
40
Let b be 3 + ((-8)/2 + 399)/(-1). Let i = b - -395. Calculate the highest common factor of i and 111.
3
Suppose f = 2*u - 241, 4*f = 4 - 8. What is the highest common divisor of 2688 and u?
24
Let q = -6635 - -7675. Calculate the greatest common factor of q and 480.
80
Suppose 5*x = 4*a - 43, 5*a = -16*x + 17*x + 38. Let g(d) = 128*d**2 + 3*d - 2. Let k be g(-3). What is the highest common divisor of a and k?
7
Suppose 33*q - 34*q = 4, 0 = -4*c - q + 964. What is the greatest common divisor of c and 16577?
121
Suppose 18 = -3*g + 1149. What is the highest common divisor of 493 and g?
29
Suppose s - 1277 = 2*j, -5*j + 10*s - 3185 = 5*s. Let x = j - -990. Calculate the highest common factor of 70 and x.
70
Let y be -1 + (7 + 11453)/(-2). Let r be (y/(-66) + 4/6)*12. What is the greatest common divisor of 7 and r?
7
Suppose 0 = 2*x + 6 - 16, 5*n - 15 = x. Suppose 3*u = -n*j + 154, -2*u - 5 + 1 = 0. What is the highest common divisor of j and 440?
40
Let j be 1 - -10896 - -2 - (-65)/(-13). Calculate the greatest common factor of j and 26.
26
Let y(s) = -88*s - 10. Let a be y(-1). Suppose 17*t - 11*t = a. What is the highest common divisor of 52 and t?
13
Let j = -1905 + 1918. What is the greatest common factor of 3653 and j?
13
Let q = 3640 - 2954. Calculate the greatest common divisor of q and 56.
14
Let w = 38538 + -34985. What is the highest common divisor of w and 1683?
187
Let j(f) = -67*f**3 - f**2 + 5*f + 6. Let z be j(-1). Suppose -z*l + 3585 = -67167. Calculate the greatest common divisor of 66 and l.
66
Let l = 26 - -65. Let y = -16 - -13. Let q be (y/6)/(3/(-78)). Calculate the highest common factor of q and l.
13
Suppose -h + 0 = -4. Let p = 2 + -2. Suppose -c + 5*z = -0 + 1, c - 3*z - 1 = p. Calculate the highest common divisor of c and h.
4
Let y be (-42 - 5888/(-138)) + 4832/6. Calculate the greatest common divisor of 992 and y.
62
Let w = -59 + 143. Let d(s) = -s - 11. Let q be d(-14). Suppose -4*c = 5*r - q*c - 65, 2*r - 5*c + 1 = 0. Calculate the highest common divisor of r and w.
12
Let l be (-2)/6 - 2611/(-21). Suppose 16*t = 17*t - l. Let g = -52 + t. Calculate the greatest common divisor of 54 and g.
18
Let x = -12156 + 12190. Calculate the greatest common divisor of x and 102.
34
Let v(g) = -15*g**3 - g**2 + g + 2. Let c be v(-1). Suppose 5*f - c = -3*z, 2*z + 5 = f + 3*z. Let y = 30 + f. Calculate the greatest common factor of 6 and y.
6
Let z = -20 + 26. Suppose 3*k - 5*v + 31 = -v, -2*k - v - z = 0. Let x be (k - -4)/((-2)/48). Calculate the highest common divisor of x and 12.
12
Let v(s) = -1811*s + 1268. Let w be v(-4). Calculate the highest common factor of 14 and w.
14
Suppose k - 309 = -4*z, -18*z + 3*k - 91 = -19*z. Calculate the greatest common factor of 1938 and z.
38
Let s = 1539 - 1499. Let a be 1 + 0 - 155/(-5). Calculate the greatest common divisor of s and a.
8
Let g be (6/(-10))/(297/(-17325)). What is the greatest common divisor of 581 and g?
7
Let y = 355 + -235. Let a be -138*(-2)/2*60/y. Suppose 3*k = 2*o - 158, 2*o - 3*o = -4*k - a. Calculate the greatest common divisor of o and 34.
17
Suppose 0 = j - 3*s - 7, -3*j + s + 7 + 6 = 0. Suppose -2*t + 204 = -w - 176, w + 764 = j*t. Calculate the greatest common factor of t and 24.
24
